is the hundreds digit of x?
0
Let t(n) = -n**3 + 10*n**2 - 7*n. Let s be t(9). Let l(w) be the third derivative of w**5/60 - 17*w**4/24 + 2*w**3/3 + 46*w**2. What is the tens digit of l(s)?
2
Let x(b) = b**3 + 3*b**2 + 2*b + 3. Let j be x(-2). Let l be (8/j)/4*(0 - -9). Suppose l*f = 679 + 35. What is the units digit of f?
9
Let z = 15 + 4. Let a = z - 14. Suppose -a*l - 4*c = -3*c - 552, 5*l - 3*c = 544. What is the tens digit of l?
1
Let s be ((-4869)/(-54))/((-1)/(-6)). Let h = s - -1023. What is the hundreds digit of h?
5
Let i(s) = 8*s**2 - 86*s - 1. Let a be i(11). What is the units digit of (-87376)/(-112) + (-3)/a?
0
Let p be (2/8)/((1 - -1)/8). Let w(f) = -1. Let k(x) = 16*x - 4. Let u(j) = p*k(j) - 6*w(j). What is the units digit of u(7)?
4
Suppose -41*z = -39*z - 4. Suppose 4*k - 803 = -3*j - k, -j - z*k + 268 = 0. What is the units digit of j?
6
Let t(l) = 10*l + 456. What is the units digit of t(-45)?
6
What is the hundreds digit of (-2976888)/(-284) - (-6 + -1)?
4
Suppose -4*g + 2*t + 49304 = 0, 111*t - 116*t = -g + 12353. What is the thousands digit of g?
2
Suppose 4*t = -d + 2937, 24*t = -4*d + 22*t + 11678. What is the hundreds digit of d?
9
Let q be (1 - 11) + (8 - 3) + 0. Let m(h) = 24*h + 2. Let a(c) = -73*c - 5. Let l(p) = 3*a(p) + 8*m(p). What is the tens digit of l(q)?
3
Suppose 61*p - 13*p = -36*p + 852684. What is the units digit of p?
1
Suppose 7*q = 2*q + 5510. Let k = q - 603. Suppose 5*y - k = 331. What is the tens digit of y?
6
Let x be 9/((-72)/44)*-4. Suppose 0 = 15*o - x*o + 8386. What is the tens digit of o?
9
Suppose 0 = 5*v - 5*d - 1790, 0 = 4*v - 3*d - 1184 - 251. Let l = v - 95. What is the tens digit of l?
6
Suppose -i + 3 = 0, 3*u - i - 45628 = 54989. Suppose 23*v + u = 49*v. What is the hundreds digit of v?
2
Let v(z) = 137*z - 747. What is the tens digit of v(8)?
4
What is the thousands digit of 2*(1 + 14264) + -61 + (54 - 0)?
8
Suppose 2*m = 5*i - 2703, 0*m = 5*m - 5. Suppose -11*s + i = -845. What is the units digit of s?
6
Suppose 4*b - 5*t = 119348, -2103*t + 2100*t + 119380 = 4*b. What is the hundreds digit of b?
8
Let p(k) = -94*k**2 - 12*k - 3. Let c(j) = -189*j**2 - 25*j - 6. Let w(o) = -4*c(o) + 7*p(o). What is the units digit of w(-2)?
3
Let d be ((-18)/(-6) - 5)/(2/(-346)). Suppose d - 1072 = -3*k. What is the hundreds digit of k?
2
Let f = 32 + -30. Suppose 2*o + 1206 = 7*o - f*b, 0 = -4*o + 2*b + 966. What is the hundreds digit of o?
2
Let j = -142 + 144. Suppose -2 = 2*t, 0 = 3*h - h - 4*t - 152. Suppose -s = r + 3*s - 44, -r + h = -j*s. What is the units digit of r?
4
Suppose -530*l = -521*l - 394191. What is the tens digit of l?
9
Suppose 63*p + 85302 = 946625 + 43987. What is the tens digit of p?
7
Let u be 1330/57 - 2/6. Suppose 12*z = u*z - 1584. What is the units digit of z?
4
Let b be 429/26*(-140)/(-3). Suppose 7*p - b = 2*p. Suppose -p = -r - 57. What is the tens digit of r?
9
Let p(q) = -q**3 + 11*q**2 - 3*q + 37. Let v be p(11). Suppose -v*w - 2*t = -2544, 0 = -2*t - 0 - 8. What is the tens digit of w?
3
Suppose -2*i + 333 = -i - 4*c, 4*i - 4*c - 1368 = 0. Let w = 528 - i. Let h = w + -70. What is the hundreds digit of h?
1
Suppose -5*c - 4*x + 186 = -0*c, 162 = 5*c - 2*x. Let t = c + 4. What is the tens digit of t?
3
Let j = -478 - -5287. What is the units digit of 2 + (-168)/60 + j/5?
1
Let t = -45 + 45. Suppose t = 3*i + 4*m - 490 - 514, -5*i + 1645 = m. What is the hundreds digit of i?
3
Let g = -349 - -833. Let n = 595 - g. What is the tens digit of n?
1
Suppose 26*w - 341114 = -38554 + 547666. What is the thousands digit of w?
2
Suppose 0 = -178*o + 171*o + 21. Suppose 0 = -o*r + 2*d + 1872, 2*d = -2*r - r + 1872. What is the tens digit of r?
2
Let h(y) = 7*y**3 - 8*y**2 - 4*y + 1. Let o(c) = -6*c**3 + 7*c**2 + 4*c - 1. Let d(m) = 5*h(m) + 6*o(m). What is the units digit of d(3)?
2
Let j be 0 - -5 - 4 - -383. Let u = j - 229. What is the hundreds digit of u?
1
Let i = 6155 + -1616. What is the units digit of i?
9
Let f be (6/(-21))/1*(-7 + 0). Let a(t) = 20 - 6*t**2 - 9*t - 4*t**2 + 11*t**f. What is the units digit of a(12)?
6
What is the hundreds digit of (2771/2)/(11/44)?
5
Let u(y) = 5*y**2 - 2*y + 1. Let b be u(1). Suppose 6*c - b*k = c + 1805, 0 = 5*k. Suppose 0 = 11*l - 706 - c. What is the tens digit of l?
9
Let p = 21 - 18. Suppose -p*h + 1033 = -q, -q - 3*q = 2*h - 712. Suppose 5*g + b = h, -g - 2*b + 347 = 4*g. What is the units digit of g?
9
Suppose 758 = t - 4*u, -3*t - 13*u + 2189 = -8*u. Suppose -t = -6*o - 600. What is the tens digit of o?
2
Suppose -a + 534 = -7*c + 2*c, -c = 4*a + 111. Let s = c - -235. What is the tens digit of s?
2
Suppose -682896 = -25*f + 615429. What is the ten thousands digit of f?
5
Suppose 5*s = 8*s - 138. Let u = s + -23. Suppose 5*d + u = 6*d - 4*c, 4*c = 0. What is the units digit of d?
3
Let w = 57977 + -32023. What is the hundreds digit of w?
9
Let f(n) = 1847*n + 462. What is the units digit of f(4)?
0
Suppose -5*y = 5*u - 61770, 53*u - 56*u = -y + 12378. What is the ten thousands digit of y?
1
Suppose -52 = 5*w - 3*y, -5*w - 3*y - 20 = 2*y. What is the hundreds digit of w - -3 - (-17 + -341)?
3
Suppose c = 4*k - 17, 2*c + 20 = k + 35. Let x(a) = -a**3 - 8*a**2 - 3*a - 21 + 2*a**3 - 6*a. What is the tens digit of x(c)?
4
Suppose l - 12828 = -k, 27*l - 26*l = 4*k - 51282. What is the thousands digit of k?
2
Let w(g) = -12*g + 62. Let c be w(-19). Suppose -22 + c = 2*o. What is the tens digit of o?
3
Let c = -300 - -302. Suppose -c*v + 1128 = -0*v. What is the units digit of v?
4
Let b(z) = -81*z + 14. Let p(r) = -r**2 - 3*r + 5. Let u be p(-5). What is the hundreds digit of b(u)?
4
Let x = 6 - 0. What is the units digit of ((-10)/(-3) + -4)/(x/(-1251))?
9
Let c = -313 + 326. Suppose -c*g = -3*g - 5360. What is the hundreds digit of g?
5
Let g(q) be the third derivative of 0 - 1/20*q**5 + 0*q - 14*q**2 + 11/24*q**4 + 2*q**3 - 1/120*q**6. What is the units digit of g(-6)?
4
Let z(l) = l**3 + 5*l**2 - 13*l - 2. Suppose 3*w - 27 = 2*y, 2 = 3*y + w + 15. Let g be z(y). Let x = g - 20. What is the units digit of x?
0
Let m be (4 - -2) + -6 + 1245. Let w = m - 821. What is the hundreds digit of w?
4
Let k(i) = 21*i**3 - 33*i**2 + 189*i + 34. What is the units digit of k(10)?
4
Let t(p) be the second derivative of -p**5/20 + 17*p**4/12 - 19*p**3/6 - 29*p**2/2 + 6*p + 9. What is the tens digit of t(15)?
3
Let r(w) = 827*w + 404. What is the units digit of r(18)?
0
Suppose -12 = 5*w + 3*a, w - 2*a - 8 = 4*w. Let h(r) = r**2 + r. Let k be h(w). Suppose k = -3*s - 61 + 466. What is the tens digit of s?
3
Let k(b) = 4770*b**3 - 16*b**2 + 18*b + 18. What is the tens digit of k(2)?
5
Suppose 3*h - 222832 = -z, -167*h + 165*h - 4*z = -148578. What is the thousands digit of h?
4
Suppose 43*d + 60*d - 285936 = 80*d. What is the thousands digit of d?
2
Suppose -53*n = 20*n - 101*n + 201908. What is the units digit of n?
1
Let t = 5461 - 1812. What is the hundreds digit of t?
6
Let o = -341 - -343. Suppose 3*x - 2943 = 3*u, -6*x + 3*x + o*u + 2944 = 0. What is the units digit of x?
2
Let g(b) = 3*b + 4. Let h be g(0). Suppose 2*i + 4*o + 32 = h, 4*i + 69 = 5*o. Let u(a) = -12*a - 49. What is the units digit of u(i)?
3
Let k(f) = -3*f**2 - 26*f + 29. Let r be k(-13). Let l = r - -184. Suppose -46*g + 464 = -l*g. What is the hundreds digit of g?
2
Suppose -3*c - 3*d = -123036, c - 3*d - 22226 = 18810. What is the tens digit of c?
1
Let h(q) = 2*q**2 - 6*q - 11. Let n be h(7). Suppose -n*l = -44*l - 148. What is the tens digit of l?
4
Suppose -z - 1271 = 2*m - 14124, 0 = -z + 2*m + 12865. What is the tens digit of z?
5
Let k(u) = -4*u + 32. Let x be k(8). Suppose x = j + 2*r - 399, -3*r = j + 2*j - 1191. What is the hundreds digit of j?
3
Let n = 14 + -23. Let b be 520/9 + 5 + (-2)/n. Suppose -o - b = -2*h, -2*h + 0*h = -5*o - 51. What is the units digit of h?
3
Let z = 17 - -16. Suppose 41 - z = x. What is the units digit of x?
8
Suppose -5*r + 54 = -11. Let q(p) = p - 49. Let i be q(r). What is the hundreds digit of 132/i*96/(-2)?
1
Suppose -24*v + 39775 = -5*v - 482649. What is the thousands digit of v?
7
Let z(k) = 2*k**2 + 13*k + 9. Let q be z(-6). Suppose -2 + q = -i - 4*g, g = -2*i - 9. What is the units digit of 171 - (26/(-65) + (-22)